)) + (-16599)/(-4)?
2, 5, 83
Suppose -19 = -2*u + 3*b, -4*b = u - 0*b + 18. Suppose -4*r = -u*z + 16, 3*r - z + 3*z + 12 = 0. What are the prime factors of (-1 - r)/((-39)/26)*-14?
2, 7
Suppose -g = 505 + 714. Let b = -812 - g. List the prime factors of b.
11, 37
Let i be (0 + 4/(-10))*(-5 - 860). Let d = 721 - i. List the prime factors of d.
3, 5
Suppose -6 + 3 = -j - 3*p, 0 = -j + 3*p - 3. Suppose -6 = 2*x - 3*a, -2*x = -2*a - j*a + 8. List the prime factors of ((-20)/x)/((-3)/(-36)).
2, 5
Let p be (-1)/((-18)/3156*2/(-3)). Let s = -147 - p. Suppose -s - 248 = -2*w. What are the prime factors of w?
2, 7, 13
Let f(w) = 5*w**2 - w - 10. Suppose -o - k - 5 = 0, 3 - 15 = 2*o + k. Let r(u) = -6*u**2 + 9. Let t(g) = o*f(g) - 6*r(g). List the prime factors of t(-10).
2, 23
Suppose 0 = 4*w - 3*c - 175, -w - 2*c - 4 + 34 = 0. Let k = w - 25. Suppose 36*o + k = 39*o. What are the prime factors of o?
5
Let i(z) = -3*z**3 + 2*z**2 - z. Let q be i(1). Let t be (-64)/6*q/((-24)/(-297)). What are the prime factors of t - 36/(-8)*(-2)/(-3)?
3, 89
Let v(n) = -n**2 + 17*n - 50. Let m be v(12). Suppose 3*u - j = 22 - 89, 0 = -2*j - m. List the prime factors of u/144 - (-217)/6.
2, 3
Suppose -15*h + 11*h + 4644 = 0. Suppose -11*s + 2*s = -h. Suppose -z + 82 = -2*c, -3*c - s = -2*z - 6*c. List the prime factors of z.
2, 3
Let i(h) = -11*h**2 + 21*h - 14. Let m be i(15). Let c = 3275 + m. What are the prime factors of c?
3, 367
Suppose -26*k - 311561 + 864581 = 0. What are the prime factors of k?
2, 3, 5, 709
Let j be -2*20/(-16)*4. Let m = -1 + j. Suppose 1133 = m*k + 2*k. List the prime factors of k.
103
Suppose 25 = 18*a + 7. Suppose o - 368 = 2*c, 5*c = a - 21. What are the prime factors of o?
2, 3, 5
Let l = 20 - 284. Let c = l - -722. What are the prime factors of c?
2, 229
Suppose -3*p + 5*g + 15322 = 0, -25*g + 28*g = 5*p - 25542. List the prime factors of p.
3, 13, 131
Suppose -138*h = -143124 - 60978. List the prime factors of h.
3, 17, 29
Let x(k) = 4*k**3 + 16*k**2 - 193*k + 115. What are the prime factors of x(19)?
2, 5, 1483
Let d(q) = -7*q - 6 - 3*q + 9*q. Let a be d(-6). Suppose 3*c + 10 - 79 = a. What are the prime factors of c?
23
Suppose -14 + 12 = -2*p. Suppose 0 = 4*c - 3*y - p, c + 0*c - 4 = -3*y. What are the prime factors of c + 58 + (-42)/14?
2, 7
Let y(i) = 595*i - 4798. What are the prime factors of y(26)?
2, 23, 29
Let j(m) = 37*m**2 - 53*m - 57. What are the prime factors of j(29)?
3, 13, 757
Let t be (-5)/(-25)*90/6. Suppose 5*w = 2*d + 1825, -w + 2*w + t*d = 348. List the prime factors of w.
3, 11
Let i(a) = 13*a**2 + 150*a - 47. List the prime factors of i(-16).
881
Let m(b) = -b**3 - 18*b**2 - 7*b + 13. Let o be m(-13). Let v = -526 - o. What are the prime factors of v?
5, 43
Suppose 8 = 7*y - 3*y. Let q(s) = 2*s + 2 - 7*s + s**2 - 2*s**2 + 4*s**y. What are the prime factors of q(6)?
2, 5
Let l be 4 - 8/(40/(-675)). Suppose l - 463 = -9*b. Let a = b + 233. What are the prime factors of a?
269
Suppose 0 = d - 10*d + 27. Suppose 3020 = 5*y + d*w - 8*w, 0 = 5*y + 2*w - 3020. List the prime factors of y.
2, 151
Let m(h) be the third derivative of 0 + 7*h**3 - 13/24*h**4 - 22*h**2 + 0*h. What are the prime factors of m(-6)?
2, 3, 5
Let i(n) = 15*n**3 - 139*n**2 + 67*n + 121. Let h(r) = -8*r**3 + 70*r**2 - 33*r - 60. Let k(w) = -11*h(w) - 6*i(w). List the prime factors of k(31).
647
Let v(p) = -p**2 + 16*p + 14. Let o(w) be the third derivative of w**4/3 - 35*w**3/6 + 15*w**2. Let n be o(6). What are the prime factors of v(n)?
53
Suppose -3*x + 38513 = -4*g, 25668 = 2*x + 278*g - 277*g. List the prime factors of x.
5, 17, 151
Let z(g) = -6 + 3 + 13*g + 41 + g**2. Let q be z(-10). What are the prime factors of (3 + 12/(-2))/((-3)/q)?
2
Suppose 10*c - 108 = -8*c. Let r(k) = -3*k**2 + 30*k + 9. What are the prime factors of r(c)?
3
Suppose -4*b = 2*u - 3*b - 7, 5*u - b = 14. Suppose u*i + 5*w = 7*i - 1868, 0 = 3*w. List the prime factors of i.
467
Let z(u) be the first derivative of -5*u**2 + 3 + 0 + 18 - 29*u + u**2. List the prime factors of z(-11).
59
Let w(v) = 39*v + 15. Let m be w(5). Let d be -2 + m + 3 + 1. Suppose 11*l - 7*l - d = 0. What are the prime factors of l?
53
Suppose -72253 = -6*m + 120809. What are the prime factors of m?
23, 1399
Let i(k) be the first derivative of 19*k**3/3 + 11*k**2/2 - 15*k + 16. Let w be i(-13). Suppose 0 = -13*x + w + 431. List the prime factors of x.
2, 67
Suppose -5*g = -2*k + 605, -k - 13 = g - 305. Let z = 383 + -589. Let c = z + k. List the prime factors of c.
89
Suppose -19875*r + 92376 = -19851*r. What are the prime factors of r?
3, 1283
Suppose -h - 17*p = -12*p - 51383, 0 = -h - 2*p + 51383. What are the prime factors of h?
51383
Let l be (41 - 1)*(-154)/55. Let y = 118 - l. List the prime factors of y.
2, 5, 23
Suppose 4*z - 6562 = 4*k - 56290, -4*z = 5*k - 62097. What are the prime factors of k?
5, 7, 71
Let c be (-3)/(-15) + 3/(-15). Suppose c = 4*y + l - 591 - 165, 5*l = -3*y + 550. What are the prime factors of y?
2, 5, 19
Let w = -141485 + 224752. List the prime factors of w.
83267
Suppose -1142*m + 1146*m - 17524 = -3*b, 0 = 4*m + 4*b - 17520. What are the prime factors of m?
2, 137
Let m(k) = 1126*k - 2587. What are the prime factors of m(25)?
3, 8521
List the prime factors of (-10 - 1) + 22142 - (4 + -12).
13, 131
Let s be 2/9 + 0 + (-1707)/27. Let t be (6/2)/(s/168). List the prime factors of (36/30)/(t/(-540)).
3
Suppose -2*x + 5194 = 2*z, -8*z + 12964 = -3*z - 2*x. List the prime factors of z.
2, 1297
Let d(j) = 9*j**2 - 41*j + 396. What are the prime factors of d(-93)?
2, 3, 5, 547
Suppose 3*k = -52 + 58. Suppose k*r = 2*j - 1868, 9*r - 7*r = -j + 931. List the prime factors of j.
3, 311
Let g = 55 + -59. Let o(p) = -p**3 - 3*p**2 + p - 8. Let k be o(g). What are the prime factors of 1*k/14 - 26/(-7)?
2
What are the prime factors of (17556/(-105))/(6/(-285))?
2, 11, 19
List the prime factors of (-441)/(-49)*(1556 - -2).
2, 3, 19, 41
List the prime factors of (1 + (-52)/65)*(-2745)/(-3).
3, 61
Let k = 77 - 63. Suppose k*w - 1765 = 9*w. What are the prime factors of w?
353
Let v(j) be the second derivative of -j**5/20 + 5*j**4/3 + 11*j**3/3 + 3*j**2 - 26*j. Let h be v(14). Suppose 11*m = m + h. List the prime factors of m.
149
Let w(v) = 51*v - 2. Let q(z) = 102*z - 3. Let f(u) = -3*q(u) + 5*w(u). Suppose 5*i - 14 + 19 = 0. What are the prime factors of f(i)?
2, 5
Suppose 394*t - 385*t = 87921. Suppose -39825 + t = -26*s. What are the prime factors of s?
2, 17
Suppose 2*r = -v - 106 - 27, v + 5 = 0. Let u = r + 64. Suppose -4*z + o + 818 = 0, -4*z + 2*o = -u*z - 816. What are the prime factors of z?
5, 41
Suppose -7762*w + 1424064 = -7730*w. List the prime factors of w.
2, 3, 7417
Let a = -186 + 756. Let c = -30 + a. What are the prime factors of c?
2, 3, 5
Let h = 20620 + -16720. What are the prime factors of h?
2, 3, 5, 13
Suppose -2*o + 7754 = u, -974*u + 972*u + 4*o + 15500 = 0. List the prime factors of u.
2, 3, 17, 19
Suppose -22*a + 191164 = -739590. What are the prime factors of a?
42307
Let n(c) be the third derivative of -1/4*c**4 + 11/3*c**5 - c**3 + 0 + 19*c**2 + 0*c. List the prime factors of n(-1).
2, 5, 11
Let v(z) = 14*z**3 - 12*z**2 - 41*z + 18. List the prime factors of v(9).
3, 7, 47
Suppose 36*x - 35405 = 96643 + 103104. What are the prime factors of x?
2, 23, 71
Suppose 0 = -14*r + 55576 + 38700. Suppose -r = -14*k - 1904. What are the prime factors of k?
3, 5, 23
Let d = 71993 - 46566. List the prime factors of d.
47, 541
Suppose 705 = -2*u + 2785. Suppose 0 = 2*v + 102 - u. What are the prime factors of v?
7, 67
Suppose -6*l + 3*g = -43797, 0 = 8*l - 11*l + 5*g + 21881. What are the prime factors of l?
2, 3, 1217
Suppose 0 = 39*j - 6*j - 493185. What are the prime factors of j?
5, 7, 61
Let a(j) = j**2 - 16*j + 45. Let s be a(12). List the prime factors of 534 - (-1)/(2*s/24).
2, 5, 53
Let w be 386/26 + ((-154)/143)/(-7). Suppose -16*p + 523 = -w*p. List the prime factors of p.
523
Let b(f) be the third derivative of -f**5/60 - f**4/24 + f**3/3 + 6*f**2. Let h be b(0). Suppose -h*q + 27 + 37 = 0. What are the prime factors of q?
2
Let o = -47 + 56. Let q be 394 + -5 + o - -3. Suppose -j - r = -113, -65 + q = 3*j + 2*r. List the prime factors of j.
2,